?
True
Is 7160695519 composite?
False
Is 1584259073 prime?
True
Is 15472355201 a composite number?
False
Is 1981002355 prime?
False
Is 94278253 prime?
False
Is 229843571 prime?
True
Is 1939498009 a composite number?
True
Is 1136691991 composite?
False
Is 41712453553 a prime number?
False
Is 11226544943 composite?
False
Is 659031797 prime?
True
Is 5385793169 prime?
False
Is 18766350202 a prime number?
False
Is 199388330989 a composite number?
False
Is 316021681 a composite number?
False
Is 1155077797 prime?
True
Is 3715424677 composite?
False
Is 5957897801 prime?
False
Is 1106074231 a prime number?
True
Is 2445716269 a prime number?
True
Is 50292802667 a prime number?
False
Is 68528813 a prime number?
True
Is 21341044619 a prime number?
True
Is 1416210247 composite?
False
Is 1317083837 composite?
False
Is 587348947 composite?
False
Is 2517225587 a composite number?
False
Is 561082997 prime?
True
Is 5439631829 a prime number?
False
Is 22847920567 a composite number?
False
Is 28135268569 a composite number?
False
Is 109397821601 composite?
False
Is 97337621 prime?
True
Is 12024689249 a composite number?
False
Is 186266173 a prime number?
True
Is 7283994251 a prime number?
False
Is 22174569778 a composite number?
True
Is 3283271 prime?
True
Is 1338120233 a composite number?
True
Is 2134231161 composite?
True
Is 2311090801 a composite number?
True
Is 3052573863 prime?
False
Is 18948542201 a composite number?
True
Is 256519747 composite?
True
Is 1825383997 prime?
True
Is 5880703171 prime?
False
Is 187612341097 prime?
True
Is 158154707 prime?
True
Is 7041717011 prime?
False
Is 19484225303 prime?
True
Is 2912810197 composite?
True
Is 120664209727 a prime number?
False
Is 73926546193 prime?
False
Is 14359439891 a composite number?
False
Is 11808927413 composite?
True
Is 194978483 a composite number?
True
Is 207935881 composite?
True
Is 4551187379 prime?
False
Is 7601899673 a prime number?
False
Is 5204690587 a prime number?
False
Is 8880559159 prime?
True
Is 119544179 a prime number?
False
Is 114514177873 a prime number?
True
Is 6166240267 composite?
True
Is 117509910559 a prime number?
True
Is 8438881123 a composite number?
False
Is 86453261 composite?
False
Is 96914056277 prime?
False
Is 204612259 prime?
True
Is 931858507 prime?
False
Is 6184898327 a prime number?
True
Is 1245351773 a prime number?
True
Is 20402395543 prime?
False
Is 96870649 a prime number?
False
Is 375558838 a composite number?
True
Is 68724637061 a composite number?
True
Is 2434834587 prime?
False
Is 10426351703 composite?
False
Is 3470796847 prime?
False
Is 8289870383 a prime number?
False
Is 315408689 prime?
False
Is 15946045787 a composite number?
True
Is 1243402607 prime?
False
Is 447720463 a prime number?
False
Is 1506076571 prime?
False
Is 26691314033 composite?
False
Is 1571718563 prime?
False
Is 94340957 a composite number?
False
Is 262156309 a prime number?
False
Is 4303780671 a composite number?
True
Is 13225305881 a composite number?
True
Is 148312001 prime?
True
Is 25062170923 a prime number?
False
Is 870590993 a prime number?
False
Is 7181383463 a prime number?
True
Is 9930227903 composite?
True
Is 83078159 prime?
True
Is 73961120771 a prime number?
False
Is 33274201483 prime?
False
Is 3519458233 prime?
False
Is 16575691331 a prime number?
True
Is 554420639 prime?
True
Is 3998086655 a composite number?
True
Is 335660162 composite?
True
Is 36321278479 a composite number?
False
Is 48740703701 a prime number?
True
Is 561782801 a prime number?
True
Is 704111171 a composite number?
True
Is 32144051 prime?
False
Is 2321413357 a prime number?
True
Is 3080450599 composite?
True
Is 8621020673 a composite number?
False
Is 1264612943 prime?
False
Is 42895684889 composite?
True
Is 6115574833 a prime number?
False
Is 101215607 composite?
True
Is 1049814839 prime?
False
Is 42309903221 a composite number?
True
Is 1317004067 a prime number?
True
Is 9881931211 prime?
True
Is 2261227343 prime?
True
Is 10823022863 composite?
True
Is 364282297 composite?
True
Is 2263429001 composite?
False
Is 1147096849 a composite number?
False
Is 206021830555 a prime number?
False
Is 786029159 a composite number?
True
Is 18838692017 prime?
True
Is 139401113 a prime number?
True
Is 9291509033 prime?
True
Is 30023447711 a composite number?
False
Is 1357116821 a composite number?
True
Is 5841757514 a prime number?
False
Is 142477033 a composite number?
False
Is 691338239 a prime number?
True
Is 851456927 prime?
True
Is 1099494355 prime?
False
Is 698097437 prime?
True
Is 19818179763 composite?
True
Is 23697836039 prime?
True
Is 2386263065 a composite number?
True
Is 2139778519 prime?
False
Is 8263010487 a prime number?
False
Is 1847590201 a prime number?
False
Is 166597139 a composite number?
True
Is 8884604249 a prime number?
True
Is 27951646627 composite?
True
Is 4288145873 composite?
True
Is 2470369207 composite?
True
Is 666243343 a prime number?
False
Is 32994659587 a composite number?
False
Is 72326249123 prime?
True
Is 31307601989 composite?
True
Is 101775689 composite?
False
Is 1684831822 composite?
True
Is 96534853 composite?
True
Is 4267884149 prime?
False
Is 256318147 composite?
False
Is 742880003 prime?
True
Is 30218635219 a prime number?
False
Is 22893593266 prime?
False
Is 754654867 a prime number?
False
Is 842653407 a prime number?
False
Is 47186257691 a prime number?
True
Is 972146083 a prime number?
False
Is 2442166487 a composite number?
False
Is 40726437313 a prime number?
True
Is 14188280347 a prime number?
True
Is 51059063747 a composite number?
False
Is 6068979491 a prime number?
False
Is 3651243685 prime?
False
Is 203161920901 prime?
False
Is 69177019 composite?
False
Is 9119034003 a composite number?
True
Is 945855419 prime?
True
Is 12281582227 a prime number?
False
Is 10046825633 prime?
False
Is 108269024511 a prime number?
False
Is 105480686677 composite?
False
Is 126246269 composite?
True
Is 5057504017 a composite number?
True
Is 65006769743 prime?
False
Is 58067940673 a composite number?
False
Is 12440931331 prime?
True
Is 428140483 a composite number?
False
Is 250628029 a prime number?
True
Is 35677127947 composite?
False
Is 421512211 a prime number?
True
Is 4526249069 prime?
True
Is 2053672219 composite?
False
Is 10448968703 prime?
False
Is 7797906785 composite?
True
Is 139952125239 a prime number?
False
Is 16044674417 prime?
False
Is 1376062201 composite?
False
Is 8194314911 prime?
True
Is 2324926973 composite?
True
Is 18380654002 composite?
True
Is 795581021 composite?
False
Is 1477209863 composite?
False
Is 25266215993 prime?
True
Is 118964363723 a prime number?
True
Is 14178436891 a composite number?
True
Is 39901381867 a composite number?
True
Is 2612756309 prime?
False
Is 5963406889 prime?
False
Is 266678947 prime?
False
Is 4066136103 composite?
True
Is 613043173 a prime number?
False
Is 8538507769 composite?
True
Is 8546018861 prime?
True
Is 66724019 a composite number?
True
Is 480353465 a composite number?
True
Is 364295837 a prime number?
True
Is 2550566713 composite?
True
Is 20444365637 prime?
True
Is 1529601803 a composite number?
True
Is 25583761169 prime?
False
Is 312294137 a composite number?
True
Is 69164788973 composite?
True
Is 16100601019 prime?
False
Is 1162468709 composite?
False
Is 2247138727 composite?
True
Is 605829893 composite?
True
Is 1469957263 a composite number?
False
Is 10869829403 a prime number?
False
Is 158413301 a prime number?
True
Is 20157035359 a prime number?
True
Is 76490857 composite?
True
Is 3222886991 a composite number?
False
Is 79592207837 prime?
False
Is 1455237271 a composite number?
True
Is 7908860429 a composite number?
True
Is 7581903107 a composite number?
False
Is 1306878857 a composite number?
False
Is 28943493721 composite?
False
Is 66814314157 a prime number?
True
Is 2882565571 a composite number?
False
Is 21367710683 a composite number?
True
Is 12395630729 a composite number?
False
Is 17906580427 prime?
False
Is 27801586009 prime?
True
Is 5335754401 a prime number?
False
Is 24560187637 composite?
False
Is 4929065222 composite?
True
Is 110187830369 prime?
False
Is 3787866913 composite?
True
Is 775082401 prime?
False
Is 4977403447 composite?
True
Is 56443442527 a composite number?
True
Is 287886085391 a composite number?